{"id":970,"date":"2024-10-21T14:42:30","date_gmt":"2024-10-21T12:42:30","guid":{"rendered":"https:\/\/eloustani34.com\/?page_id=970"},"modified":"2024-10-25T21:54:04","modified_gmt":"2024-10-25T19:54:04","slug":"politique-de-confidentialite","status":"publish","type":"page","link":"https:\/\/eloustani34.com\/index.php\/politique-de-confidentialite\/","title":{"rendered":"Politique de confidentialit\u00e9"},"content":{"rendered":"\t\t<div data-elementor-type=\"wp-post\" data-elementor-id=\"970\" class=\"elementor elementor-970\">\n\t\t\t\t<div class=\"elementor-element elementor-element-6928bd4 e-flex e-con-boxed wpr-particle-no wpr-jarallax-no wpr-parallax-no wpr-sticky-section-no wpr-equal-height-no e-con e-parent\" data-id=\"6928bd4\" data-element_type=\"container\" data-e-type=\"container\" data-settings=\"{&quot;background_background&quot;:&quot;classic&quot;}\">\n\t\t\t\t\t<div class=\"e-con-inner\">\n\t\t\t\t\t<\/div>\n\t\t\t\t<\/div>\n\t\t<div class=\"elementor-element elementor-element-ebc8144 e-flex e-con-boxed wpr-particle-no wpr-jarallax-no wpr-parallax-no wpr-sticky-section-no wpr-equal-height-no e-con e-parent\" data-id=\"ebc8144\" data-element_type=\"container\" data-e-type=\"container\" data-settings=\"{&quot;background_background&quot;:&quot;classic&quot;}\">\n\t\t\t\t\t<div class=\"e-con-inner\">\n\t\t\t\t<div class=\"elementor-element elementor-element-cd42ad7 elementor-widget elementor-widget-text-editor\" data-id=\"cd42ad7\" data-element_type=\"widget\" data-e-type=\"widget\" data-widget_type=\"text-editor.default\">\n\t\t\t\t<div class=\"elementor-widget-container\">\n\t\t\t\t\t\t\t\t\t<h5>POLITIQUE DE CONFIDENTIALIT\u00c9<\/h5><p>Chez El Oustani Constructions, la protection de vos donn\u00e9es personnelles est une priorit\u00e9. Cette politique de confidentialit\u00e9 d\u00e9crit comment nous collectons, utilisons et prot\u00e9geons vos informations personnelles.<\/p><p><strong>Donn\u00e9es collect\u00e9es :<\/strong><\/p><ul><li>Informations que vous nous fournissez volontairement via le formulaire de contact : nom, adresse e-mail, num\u00e9ro de t\u00e9l\u00e9phone, etc.<\/li><li>Donn\u00e9es de navigation : adresse IP, type de navigateur, pages visit\u00e9es.<\/li><\/ul><p><strong>Utilisation des donn\u00e9es :<\/strong><\/p><ul><li>R\u00e9pondre \u00e0 vos demandes via le formulaire de contact.<\/li><li>Am\u00e9liorer l&rsquo;exp\u00e9rience utilisateur sur le site.<\/li><li>Respecter nos obligations l\u00e9gales.<\/li><\/ul><p><strong>Conservation des donn\u00e9es :<\/strong><br \/>Nous conservons vos donn\u00e9es uniquement le temps n\u00e9cessaire \u00e0 la r\u00e9alisation des finalit\u00e9s pour lesquelles elles sont collect\u00e9es, conform\u00e9ment \u00e0 la l\u00e9gislation en vigueur.<\/p><p><strong>Partage des donn\u00e9es :<\/strong><br \/>Vos donn\u00e9es ne seront jamais vendues ni partag\u00e9es avec des tiers sans votre consentement, sauf si la loi l&rsquo;exige.<\/p><p><strong>Vos droits :<\/strong><br \/>Conform\u00e9ment \u00e0 la loi \u00ab Informatique et Libert\u00e9s \u00bb et au RGPD, vous disposez d&rsquo;un droit d&rsquo;acc\u00e8s, de rectification, de suppression, et d&rsquo;opposition sur les donn\u00e9es vous concernant.\u00a0<\/p>\t\t\t\t\t\t\t\t<\/div>\n\t\t\t\t<\/div>\n\t\t\t\t\t<\/div>\n\t\t\t\t<\/div>\n\t\t\t\t<\/div>\n\t\t","protected":false},"excerpt":{"rendered":"<p>POLITIQUE DE CONFIDENTIALIT\u00c9 Chez El Oustani Constructions, la protection de vos donn\u00e9es personnelles est une priorit\u00e9. Cette politique de confidentialit\u00e9 d\u00e9crit comment nous collectons, utilisons et prot\u00e9geons vos informations personnelles. Donn\u00e9es collect\u00e9es : Informations que vous nous fournissez volontairement via le formulaire de contact : nom, adresse e-mail, num\u00e9ro de t\u00e9l\u00e9phone, etc. Donn\u00e9es de navigation : adresse IP, type de navigateur, pages visit\u00e9es. Utilisation des donn\u00e9es : R\u00e9pondre \u00e0 vos demandes via le formulaire de contact. Am\u00e9liorer l&rsquo;exp\u00e9rience utilisateur sur le site. Respecter nos obligations l\u00e9gales. Conservation des donn\u00e9es :Nous conservons vos donn\u00e9es uniquement le temps n\u00e9cessaire \u00e0 la r\u00e9alisation des finalit\u00e9s pour lesquelles elles sont collect\u00e9es, conform\u00e9ment \u00e0 la l\u00e9gislation en vigueur. Partage des donn\u00e9es :Vos donn\u00e9es ne seront jamais vendues ni partag\u00e9es avec des tiers sans votre consentement, sauf si la loi l&rsquo;exige. Vos droits :Conform\u00e9ment \u00e0 la loi \u00ab Informatique et Libert\u00e9s \u00bb et au RGPD, vous disposez d&rsquo;un droit d&rsquo;acc\u00e8s, de rectification, de suppression, et d&rsquo;opposition sur les donn\u00e9es vous concernant.\u00a0<\/p>\n","protected":false},"author":1,"featured_media":0,"parent":0,"menu_order":0,"comment_status":"closed","ping_status":"closed","template":"","meta":{"footnotes":""},"class_list":["post-970","page","type-page","status-publish","hentry"],"_links":{"self":[{"href":"https:\/\/eloustani34.com\/index.php\/wp-json\/wp\/v2\/pages\/970","targetHints":{"allow":["GET"]}}],"collection":[{"href":"https:\/\/eloustani34.com\/index.php\/wp-json\/wp\/v2\/pages"}],"about":[{"href":"https:\/\/eloustani34.com\/index.php\/wp-json\/wp\/v2\/types\/page"}],"author":[{"embeddable":true,"href":"https:\/\/eloustani34.com\/index.php\/wp-json\/wp\/v2\/users\/1"}],"replies":[{"embeddable":true,"href":"https:\/\/eloustani34.com\/index.php\/wp-json\/wp\/v2\/comments?post=970"}],"version-history":[{"count":28,"href":"https:\/\/eloustani34.com\/index.php\/wp-json\/wp\/v2\/pages\/970\/revisions"}],"predecessor-version":[{"id":1597,"href":"https:\/\/eloustani34.com\/index.php\/wp-json\/wp\/v2\/pages\/970\/revisions\/1597"}],"wp:attachment":[{"href":"https:\/\/eloustani34.com\/index.php\/wp-json\/wp\/v2\/media?parent=970"}],"curies":[{"name":"wp","href":"https:\/\/api.w.org\/{rel}","templated":true}]}}